68557436?
8
What is the tens digit of 8386399732?
3
What is the units digit of 4391043904?
4
What is the units digit of 684400538?
8
What is the thousands digit of 7253705825?
5
What is the millions digit of 272027095?
2
What is the millions digit of 228936024?
8
What is the ten millions digit of 33447843?
3
What is the millions digit of 25861290?
5
What is the thousands digit of 963834184?
4
What is the units digit of 58622990?
0
What is the millions digit of 146840905?
6
What is the hundred thousands digit of 3033039?
0
What is the tens digit of 207597376?
7
What is the tens digit of 25408669?
6
What is the thousands digit of 44404395?
4
What is the units digit of 30030549?
9
What is the tens digit of 534124564?
6
What is the hundreds digit of 69794428?
4
What is the hundreds digit of 389869006?
0
What is the millions digit of 7464297339?
4
What is the thousands digit of 51632222?
2
What is the hundreds digit of 5960228572?
5
What is the ten thousands digit of 112085763?
8
What is the ten millions digit of 1512834764?
1
What is the millions digit of 470573745?
0
What is the ten thousands digit of 1205308890?
0
What is the units digit of 28457251?
1
What is the ten millions digit of 1691355827?
9
What is the ten thousands digit of 40475093?
7
What is the ten thousands digit of 126622910?
2
What is the millions digit of 65438884?
5
What is the ten thousands digit of 82240610?
4
What is the millions digit of 40256256?
0
What is the tens digit of 599072017?
1
What is the tens digit of 364493225?
2
What is the tens digit of 28622733?
3
What is the hundreds digit of 66373681?
6
What is the ten millions digit of 18982137?
1
What is the hundred thousands digit of 626030442?
0
What is the tens digit of 435856035?
3
What is the hundred millions digit of 2436452567?
4
What is the units digit of 738960513?
3
What is the ten millions digit of 10112793?
1
What is the ten thousands digit of 1328733?
2
What is the units digit of 111365069?
9
What is the ten millions digit of 504070882?
0
What is the units digit of 882221012?
2
What is the hundreds digit of 326832898?
8
What is the tens digit of 35607887?
8
What is the thousands digit of 4650989810?
9
What is the units digit of 42293424?
4
What is the hundred thousands digit of 2848728032?
7
What is the millions digit of 614357497?
4
What is the units digit of 83244470?
0
What is the units digit of 29893160?
0
What is the ten thousands digit of 652629441?
2
What is the units digit of 89576062?
2
What is the ten thousands digit of 2413393042?
9
What is the ten millions digit of 1189676542?
8
What is the ten millions digit of 1257362359?
5
What is the millions digit of 105574907?
5
What is the tens digit of 646847146?
4
What is the hundreds digit of 26917881?
8
What is the hundred thousands digit of 131577422?
5
What is the hundred millions digit of 185695508?
1
What is the hundred millions digit of 102769789?
1
What is the tens digit of 520058355?
5
What is the thousands digit of 38858193?
8
What is the ten thousands digit of 75612127?
1
What is the hundreds digit of 4710603161?
1
What is the millions digit of 203841859?
3
What is the hundreds digit of 3604032707?
7
What is the hundreds digit of 25698472?
4
What is the ten thousands digit of 185029650?
2
What is the millions digit of 1520217027?
0
What is the thousands digit of 45556509?
6
What is the ten thousands digit of 38134650?
3
What is the units digit of 2909811277?
7
What is the ten millions digit of 26587314?
2
What is the hundred thousands digit of 871018878?
0
What is the thousands digit of 49756810?
6
What is the ten thousands digit of 1173747030?
4
What is the hundred millions digit of 551085822?
5
What is the billions digit of 6134702626?
6
What is the tens digit of 56393246?
4
What is the tens digit of 3648781743?
4
What is the hundreds digit of 166862053?
0
What is the thousands digit of 62915567?
5
What is the ten millions digit of 19720380?
1
What is the billions digit of 2021095997?
2
What is the hundred millions digit of 2546794367?
5
What is the hundred thousands digit of 8962290?
9
What is the thousands digit of 2695711687?
1
What is the hundreds digit of 458986995?
9
What is the thousands digit of 14150631?
0
What is the units digit of 48437749?
9
What is the millions digit of 4127756600?
7
What is the millions digit of 1060358671?
0
What is the hundred thousands digit of 141817543?
8
What is the millions digit of 18675868?
8
What is the ten thousands digit of 132370873?
7
What is the ten thousands digit of 44848203?
4
What is the tens digit of 472875916?
1
What is the hundreds digit of 86569795?
7
What is the billions digit of 3280339957?
3
What is the tens digit of 64415944?
4
What is the units digit of 108863949?
9
What is the ten thousands digit of 67861230?
6
What is the units digit of 101263861?
1
What is the tens digit of 150149303?
0
What is the ten thousands digit of 2561663617?
6
What is the millions digit of 549544487?
9
What is the tens digit of 346218041?
4
What is the units digit of 49083859?
9
What is the hundred thousands digit of 21329565?
3
What is the hundred thousands digit of 5429908?
4
What is the hundreds digit of 2856701554?
5
What is the hundred thousands digit of 2312721587?
7
What is the hundred thousands digit of 36735659?
7
What is the ten thousands digit of 45497802?
9
What is the thousands digit of 807150554?
0
What is the thousands digit of 119446232?
6
What is the millions digit of 34051299?
4
What is the thousands digit of 109827864?
7
What is the ten thousands digit of 3121888168?
8
What is the ten thousands digit of 57503851?
0
What is the ten thousands digit of 85805403?
0
What is the hundred thousands digit of 4615101700?
1
What is the millions digit of 442869691?
2
What is the millions digit of 44600083?
4
What is the tens digit of 115494308?
0
What is the hundred thousands digit of 173100274?
1
What is the hundred thousands digit of 39381396?
3
What is the units digit of 444840742?
2
What is the millions digit of 8365412653?
5
What is the millions digit of 1375908?
1
What is the hundred thousands digit of 154159620?
1
What is the hundred thousands digit of 12631657?
6
What is the hundreds digit of 108529263?
2
What is the units digit of 1669682518?
8
What is the units digit of 51398762?
2
What is the thousands digit of 96952184?
2
What is the ten thousands digit of 29500582?
0
What is the tens digit of 107030550?
5
What is the hundreds digit of 151893350?
3
What is the ten millions digit of 557677074?
5
What is the hundred thousands digit of 1476532233?
5
What is the millions digit of 4388117091?
8
What is the tens digit of 5815217754?
5
What is the thousands digit of 125100741?
0
What is the thousands digit of 94371757?
1
What is the hundreds digit of 967498187?
1
What is the tens digit of 194923655?
5
What is the hundreds digit of 45490408?
4
What is the hundred millions digit of 2061542785?
0
What is the units digit of 86031346?
6
What is the hundreds digit of 1680533848?
8
What is the hundreds digit of 64884448?
4
What is the hundreds digit of 8293807809?
8
What is the tens digit of 85293937?
3
What is the tens digit of 5801520465?
6
What is the hundreds digit of 262850816?
8
What is the thousands digit of 6514421079?
1
What is the ten thousands digit of 40074618?
7
What is the hundred thousands digit of 3464610690?
6
What is the millions digit of 70643218?
0
What is the tens digit of 193098720?
2
What is the hundred thousands digit of 36115763?
1
What is the ten thousands digit of 2298938699?
3
What is the units digit of 769697427?
7
What is the hundreds digit of 28569484?
4
What is the millions digit of 13660269?
3
What is the tens digit of 285553754?
5
What is the ten thousands digit of 41902470?
0
What is the millions digit of 7930607?
7
What is the hundred thousands digit of 967596692?
5
What is the hundred thousands digit of 447994448?
9
What is the ten millions digit of 203603557?
0
What is the ten millions digit of 3385264386?
8
What is the ten millions digit of 4233250475?
3
What is the hundred thousands digit of 1749471186?
4
What is the hundred thousands digit of 85678849?
6
What is the thousands digit of 48347286?
7
What is the hundreds digit of 174553767?
7
What is the milli